 common factor of h and 5768.
56
Let c = -61 + 105. Let m(w) = 20*w - 48. Let u be m(6). Let l = 182 - u. Calculate the greatest common factor of c and l.
22
Suppose 1 + 13 = 2*f. Suppose -4*d - 108 = -f*d. Suppose 229 = -8*u + 261. What is the greatest common factor of d and u?
4
Let z(p) = 23*p**3 + 5*p**2 + 4*p - 3. Let j be z(3). Let u = 2295 - j. Let k be (24/(-10))/((-18)/u). Calculate the highest common divisor of k and 54.
54
Let k be 2736/(-64) - 2/8. Let i = k - -41. Let f be i/(10/(-55)) + -1 + 2. Calculate the highest common divisor of f and 60.
12
Suppose 6*v = -824 + 2168. Let s(t) = 29 - t**3 - 15 + 7*t**2 - 5*t - 10. Let m be s(4). What is the greatest common divisor of v and m?
32
Let y = 224 + -888. Let s = -655 - y. What is the highest common divisor of 72 and s?
9
Let w be 8/(-6)*(-9)/4. Suppose 2*d - 10 = -0*d, 4*l + w*d - 575 = 0. Calculate the greatest common factor of l and 60.
20
Let d = -1155 - -1751. Suppose -9*g = 29 - d. What is the highest common factor of 14 and g?
7
Suppose -4*k = -q - 113, 0 = 5*q - 0 + 5. Let z be ((-76)/(-3))/(4/42). What is the greatest common divisor of k and z?
14
Suppose 7*r = w - 338, -33*w = -35*w + 3*r + 753. Calculate the highest common factor of 9804 and w.
129
Let s = 10842 + -10827. Let b(z) = -50*z**3 + 2*z**2 + 2*z + 1. Let g be b(-2). What is the greatest common factor of s and g?
15
Let n be -79 + 2 + (-20)/(-4). Let w = n - -107. Calculate the greatest common factor of w and 14.
7
Suppose 0 = 5*j - 48 + 153. Suppose 5*h = -10, w - 13*h + 16 = -15*h. Let a = w - j. Calculate the highest common factor of a and 36.
9
Let i = -55 - -83. Suppose -178 = -4*f + 5*c, -3*f - 3*c - 2*c = -116. Calculate the greatest common factor of f and i.
14
Let f(v) = -v**3 + 6*v**2 - 53*v + 351. Let z be f(6). Let l(x) = -x**3 + 8*x**2 + 3*x + 1. Let q be l(4). What is the highest common divisor of z and q?
11
Let t(u) = u**3 - 61*u**2 + 66*u - 175. Let g be t(60). Suppose -p = -5*m + 29, 5*m - 3*m = -4*p - 6. Calculate the highest common divisor of m and g.
5
Let k be 18/6 + 1 - -22. Let b(q) = q**3 - 26*q**2 + 5*q - 100. Let t be b(k). Calculate the highest common divisor of t and 375.
15
Let t be 100 + -31 + -2*1/2. Suppose -77*k + t*k = -162. Let h = 258 - 114. Calculate the highest common factor of k and h.
18
Let b be 8 + -7 - (-2)/4*10. Suppose b*r - r - 3*c = 147, r - 3*c - 39 = 0. What is the greatest common divisor of r and 135?
27
Let f = -6291 - -6330. What is the highest common divisor of f and 4?
1
Suppose -82 = -3*d - 28. Let c be (-176)/(-6)*(-7 + 10). Suppose f - 57 = 5*r - 281, -2*r + 2*f + c = 0. What is the greatest common factor of d and r?
9
Suppose -38*t + 1194 = 168. Let s(k) = -k**2 - 14*k - 3. Let u = 5 + -11. Let h be s(u). What is the highest common factor of h and t?
9
Suppose 3*u + 1036 = 4*m + 397, 5*m - 797 = 2*u. Calculate the highest common factor of m and 1749.
159
Let u be 11348*(-3)/(-12) + ((-270)/9)/(-6). Calculate the highest common divisor of 754 and u.
58
Suppose -20*c + 660 = -1180. Calculate the greatest common factor of 26772 and c.
92
Let j(v) = -v**3 + v + 248. Let q = 93 - 75. Let z be (-9)/81 - (-2)/q. Let w be j(z). Calculate the greatest common divisor of 31 and w.
31
Let m = -217 + 283. Suppose -3*l - 25 + m = 2*j, -71 = -5*l - 2*j. Calculate the highest common factor of l and 435.
15
Suppose -2*i + 163 = -3*u, 4*i - 12 = -u + 279. What is the highest common factor of i and 3367?
37
Let u be 242730/1350 + (-2)/(-10). What is the highest common factor of u and 708?
12
Let q be -50 + 60 - (-936)/4. Calculate the greatest common factor of q and 3538.
122
Suppose -3067*d + 3094*d = 71550. What is the greatest common divisor of 318 and d?
106
Suppose -3*h - 5592 = -3*d, d - 3*h = -801 + 2651. What is the greatest common factor of 1 and d?
1
Suppose -5*d + 3*f - 431 = 4*f, 2*f = -2. Let l = 141 + d. Calculate the greatest common divisor of l and 88.
11
Let q be 276/56*2 + 30/210. Let v(n) = n**2 + 5*n + 1. Let c be v(-5). Let f be 1005/10 - c/2. What is the highest common divisor of q and f?
10
Let n be (-2 + -1 - -3)/1. Suppose n = -9*k - 229 + 1048. Suppose -3*i + 0*w + w + 41 = 0, -3*i + 35 = 2*w. What is the highest common factor of i and k?
13
Let l be ((-30)/7)/(2 + ((-1771)/441 - -2)). What is the greatest common factor of 80 and l?
10
Suppose -14*z + 10*z + p + 15677 = 0, -4*p + 12 = 0. Calculate the greatest common divisor of 48 and z.
16
Suppose 0 = 44*k - 10313 + 4021. Calculate the highest common divisor of 299 and k.
13
Suppose -5 = -4*g + 3, -i + 38 = -2*g. Suppose 9*j - 318 - i = 0. Let p be 0 - -323 - (3 - 0). Calculate the highest common factor of j and p.
40
Let g = 39189 - 36369. What is the highest common factor of 60 and g?
60
Let y = -733 - -1255. Let s(q) = 9*q - 171. Let g be s(25). What is the greatest common divisor of y and g?
18
Let i(m) = m - 41. Let d be i(45). Suppose 0 = -d*j + 908 - 268. Calculate the highest common factor of 20 and j.
20
Suppose 675 = 33*c - 513. What is the highest common divisor of c and 852?
12
Let f be -10*(-2 - 2/4). Suppose 14 = 3*k - 12 - 10, 0 = -2*j + 5*k + 240. Calculate the greatest common divisor of j and f.
25
Suppose 0 = -n + 3*s + 116, 122*s - 126*s + 262 = 2*n. Calculate the highest common divisor of 545 and n.
5
Suppose -3*w - 31 = 5*h - 402, 2*w + 2*h = 242. Let r(t) = -2*t**2 + 65*t + 613. Let k be r(40). What is the highest common divisor of w and k?
13
Let t(y) = y**3 + 32*y**2 + 28*y - 73. Let z be (-19)/57 + (-92)/3. Let b be t(z). What is the greatest common factor of b and 120?
20
Let k(r) = 110*r**2 + 38*r + 39. Let z be k(-1). Let q be ((-61 - -1) + z/37)*-1. What is the highest common factor of q and 456?
57
Let o be ((-14)/(-6) + -1)*(-20 - -158). Let d = -175 + o. What is the greatest common factor of d and 99?
9
Let r be (2 - 273/(-14))/((-3)/(-3006)). What is the greatest common factor of r and 167?
167
Let l be ((-170)/136)/(10/(-16)). Suppose -6*o + 4*o = 2*f - 332, -2 = -l*o. What is the highest common divisor of 110 and f?
55
Let z = 155 + -149. Let g(d) = 14*d + 60. Let k be g(3). What is the highest common divisor of z and k?
6
Let c(u) = u**2 - 21*u + 19. Let f be c(20). Let d be -10 - -8 - (f - 3). What is the greatest common factor of 146 and d?
2
Suppose d - 3*m = 11, 2*d = 42*m - 38*m + 36. What is the highest common factor of d and 19808?
32
Let r be ((-21)/(-3))/(2/16). What is the greatest common factor of 9716 and r?
28
Let s = 190 + -184. Let n be ((-72)/15)/(-6)*(s - -4). Calculate the greatest common divisor of n and 20.
4
Let r = 1550 - 1563. Suppose -42 - 51 = -3*i. Let j = r + i. What is the highest common factor of j and 162?
18
Let w = 3169 - 2189. What is the greatest common factor of w and 147?
49
Let m(v) = v**3 + 44*v**2 + 86*v + 88. Let s be m(-42). Suppose -1 = 7*q - 85. Calculate the highest common factor of q and s.
4
Let d(o) = -o**3 - 5*o**2 - o. Let i be d(-5). Let v be (-3 - -8)/i + 123. Suppose -7*s = -3*s - v. Calculate the greatest common divisor of 341 and s.
31
Let p = 715 + -715. Suppose -n = p, -4*l - 16*n + 13*n + 592 = 0. Calculate the greatest common divisor of l and 185.
37
Let d(w) = -w**3 - 41*w**2 - 76*w + 53. Let u be d(-39). Let l = 44 + u. Calculate the highest common factor of l and 152.
19
Let c = -2468 - -2496. What is the greatest common divisor of 49 and c?
7
Let a be 30*(77/(-7) + 14)/((-3)/(-4)). What is the greatest common factor of a and 7680?
120
Suppose -3*f + 323 = -238. Suppose -o - 4*r + 10 - 1 = 0, 3*r = -6. Let i be o/((3 - 2) + 0). What is the highest common factor of i and f?
17
Let s(r) = -r**2 + 32*r - 219. Let n be s(17). What is the highest common factor of n and 1040?
4
Suppose 0 = -1806*t + 1782*t + 3672. Calculate the highest common divisor of t and 387.
9
Suppose -5*t = -n - 18, -6 = -n + 2*n - 2*t. Suppose -128 = -n*j - 4*f, 4*j + 3*f - 8*f - 256 = 0. Calculate the greatest common factor of j and 1024.
64
Let v = 57 - -39. Let f = 682 - 670. Calculate the highest common divisor of f and v.
12
Let g(j) = j**3 + 10*j**2 - 2*j - 20. Let m be g(-10). Suppose 24*o - 26*o + 136 = m. What is the highest common divisor of o and 374?
34
Let h(t) = 2 - 6*t + 11*t + t - 4*t. Let i be h(6). Suppose -j